 3, 5, 7, 331
List the prime factors of 576539.
576539
What are the prime factors of 596246?
2, 7, 42589
What are the prime factors of 15421777?
7, 2203111
List the prime factors of 26231.
17, 1543
List the prime factors of 357269.
11, 32479
What are the prime factors of 174963?
3, 58321
What are the prime factors of 1064822?
2, 11, 29, 1669
What are the prime factors of 1299709?
1299709
List the prime factors of 390026.
2, 7, 13, 2143
What are the prime factors of 18883427?
18883427
What are the prime factors of 4984759?
13, 307, 1249
What are the prime factors of 26426379?
3, 7, 23, 54713
List the prime factors of 736670.
2, 5, 11, 37, 181
List the prime factors of 16590039.
3, 1523, 3631
List the prime factors of 1291994.
2, 11, 58727
What are the prime factors of 13618331?
31, 37, 383
What are the prime factors of 211139?
199, 1061
What are the prime factors of 310594?
2, 97, 1601
What are the prime factors of 2991611?
7, 29, 14737
List the prime factors of 7784714.
2, 7, 556051
What are the prime factors of 8997211?
131, 173, 397
What are the prime factors of 879338?
2, 29, 15161
List the prime factors of 8627715.
3, 5, 263
What are the prime factors of 11309283?
3, 1256587
What are the prime factors of 29405?
5, 5881
List the prime factors of 7123080.
2, 3, 5, 59359
List the prime factors of 376789.
7, 19, 2833
List the prime factors of 8273299.
8273299
List the prime factors of 3429786.
2, 3, 61, 9371
List the prime factors of 378018.
2, 3, 21001
What are the prime factors of 471108?
2, 3, 11, 43, 83
What are the prime factors of 261746?
2, 130873
List the prime factors of 13481.
13, 17, 61
What are the prime factors of 308201?
311, 991
What are the prime factors of 587877?
3, 17, 11527
What are the prime factors of 2098398?
2, 3, 19, 79, 233
List the prime factors of 5897445.
3, 5, 109, 3607
List the prime factors of 52387.
52387
What are the prime factors of 281391?
3, 11, 8527
What are the prime factors of 520442?
2, 13, 37, 541
What are the prime factors of 1061689?
1061689
List the prime factors of 178536.
2, 3, 43, 173
What are the prime factors of 13201528?
2, 1650191
List the prime factors of 17350365.
3, 5, 137, 8443
List the prime factors of 10049877.
3, 1116653
List the prime factors of 2747797.
13, 211369
What are the prime factors of 804872?
2, 100609
List the prime factors of 79400.
2, 5, 397
List the prime factors of 275846.
2, 107, 1289
What are the prime factors of 908408?
2, 23, 4937
List the prime factors of 32996412.
2, 3, 443, 2069
List the prime factors of 550792.
2, 11, 569
List the prime factors of 2895459.
3, 7, 19697
List the prime factors of 391779.
3, 101, 431
What are the prime factors of 1786813?
7, 255259
What are the prime factors of 672140?
2, 5, 7, 4801
What are the prime factors of 1188604?
2, 297151
What are the prime factors of 1482203?
31, 137, 349
What are the prime factors of 10191263?
10191263
List the prime factors of 86331.
3, 7, 4111
List the prime factors of 309357.
3, 37, 929
List the prime factors of 58475.
5, 2339
List the prime factors of 24310882.
2, 31, 392111
List the prime factors of 13636673.
223, 61151
What are the prime factors of 2419854?
2, 3, 403309
What are the prime factors of 9385051?
13, 43, 103, 163
List the prime factors of 13508008.
2, 947, 1783
List the prime factors of 12311302.
2, 23, 267637
List the prime factors of 302643.
3, 11, 1019
What are the prime factors of 1393632?
2, 3, 1613
List the prime factors of 5493015.
3, 5, 11, 137
What are the prime factors of 530151?
3, 61, 2897
What are the prime factors of 6588663?
3, 2196221
List the prime factors of 422219.
7, 60317
List the prime factors of 305321.
503, 607
List the prime factors of 916744.
2, 114593
List the prime factors of 473183.
83, 5701
List the prime factors of 852843.
3, 67, 4243
List the prime factors of 2009389.
31, 53, 1223
What are the prime factors of 156775?
5, 6271
List the prime factors of 5939224.
2, 137, 5419
What are the prime factors of 335977?
19, 17683
What are the prime factors of 3734827?
1213, 3079
What are the prime factors of 31307?
31307
What are the prime factors of 4422943?
7, 37, 17077
What are the prime factors of 2705236?
2, 29, 23321
What are the prime factors of 3176858?
2, 17, 223, 419
What are the prime factors of 500074?
2, 250037
What are the prime factors of 235231?
235231
List the prime factors of 528639.
3, 176213
What are the prime factors of 74663?
197, 379
List the prime factors of 1219923.
3, 89, 1523
List the prime factors of 1657166.
2, 7, 118369
What are the prime factors of 984622?
2, 31, 15881
What are the prime factors of 3046896?
2, 3, 2351
What are the prime factors of 4328022?
2, 3, 721337
What are the prime factors of 93709?
7, 11, 1217
List the prime factors of 577527.
3, 311, 619
What are the prime factors of 12870085?
5, 61, 42197
List the prime factors of 104757.
3, 34919
What are the prime factors of 2794725?
3, 5, 12421
List the prime factors of 212452.
2, 53113
What are the prime factors of 288807?
3, 96269
List the prime factors of 35664874.
2, 7, 2547491
List the prime factors of 107579.
179, 601
What are the prime factors of 8856341?
13, 681257
What are the prime factors of 4665353?
7, 11, 60589
What are the prime factors of 4588993?
167, 27479
What are the prime factors of 3555037?
3555037
List the prime factors of 92606.
2, 19, 2437
What are the prime factors of 2128064?
2, 41, 811
List the prime factors of 61481.
7, 8783
List the prime factors of 25251237.
3, 11, 85021
List the prime factors of 189786.
2, 3, 47, 673
List the prime factors of 2317333.
443, 5231
List the prime factors of 3177135.
3, 5, 13, 5431
What are the prime factors of 255599?
23, 11113
What are the prime factors of 5175637?
5175637
List the prime factors of 119452.
2, 29863
What are the prime factors of 20201906?
2, 10100953
What are the prime factors of 28315986?
2, 3, 4719331
List the prime factors of 1481659.
523, 2833
What are the prime factors of 698241?
3, 17, 13691
What are the prime factors of 216624?
2, 3, 4513
List the prime factors of 548519.
548519
List the prime factors of 167076.
2, 3, 7, 13, 17
What are the prime factors of 2677825?
5, 43, 47, 53
What are the prime factors of 228826?
2, 13, 677
List the prime factors of 83086.
2, 41543
What are the prime factors of 361475?
5, 19, 761
List the prime factors of 50901.
3, 19, 47
What are the prime factors of 19487187?
3, 23, 47, 2003
What are the prime factors of 2442202?
2, 7, 174443
List the prime factors of 3134510.
2, 5, 463, 677
What are the prime factors of 584862?
2, 3, 107, 911
List the prime factors of 192537.
3, 2377
List the prime factors of 5242039.
11, 229, 2081
List the prime factors of 891497.
17, 229
List the prime factors of 1207616.
2, 18869
List the prime factors of 11451427.
13, 83, 10613
What are the prime factors of 11827321?
11, 53, 20287
What are the prime factors of 441084?
2, 3, 7, 59, 89
What are the prime factors of 3013248?
2, 3, 7, 19, 59
List the prime factors of 4789269.
3, 532141
What are the prime factors of 3857445?
3, 5, 23, 3727
What are the prime factors of 413032?
2, 17, 3037
What are the prime factors of 65263?
11, 17, 349
List the prime factors of 34122044.
2, 11, 479, 1619
What are the prime factors of 37143?
3, 4127
What are the prime factors of 3211838?
2, 7, 383, 599
List the prime factors of 661967.
37, 17891
List the prime factors of 372392.
2, 46549
What are the prime factors of 30531856?
2, 23, 163, 509
What are the prime factors of 152007?
3, 23, 2203
List the prime factors of 12719933.
12719933
List the prime factors of 206595.
3, 5, 4591
What are the prime factors of 3174662?
2, 47, 33773
List the prime factors of 32601.
3, 10867
What are the prime factors of 26662345?
5, 5332469
What are the prime factors of 319375?
5, 7, 73
List the prime factors of 638519.
7, 83, 157
What are the prime factors of 2458091?
71, 89, 389
What are the prime factors of 13617?
3, 17, 89
What are the prime factors of 4775611?
1999, 2389
List the prime factors of 1359893.
347, 3919
What are the prime factors of 1688236?
2, 11, 17, 37, 61
What are the prime factors of 839000?
2, 5, 839
List the prime factors of 204028.
2, 11, 4637
What are the prime factors of 887654?
2, 31, 10